 + 2*v**2 + v - 2. What is p(1)?
14
Let l(x) = -23*x - 73. What is l(-3)?
-4
Let x(v) = v**3 + 8*v**2 + 6*v + 4. Calculate x(-7).
11
Let v(n) = n**2 + n + 3. Give v(0).
3
Let z(i) = i**2 - 23*i - 18. What is z(24)?
6
Let h(f) = -2*f**3 + 8*f**2 + 7*f + 15. What is h(5)?
0
Let l(h) = -h**3 + 2*h**2 - 2. Give l(2).
-2
Let z(g) = -4*g**2 + 116*g - 6. What is z(29)?
-6
Let o(r) = 4*r + 6. Give o(-11).
-38
Let j(p) = p**3 + 3*p**2 - 13*p - 13. What is j(-5)?
2
Let p(d) = 2*d**2 - 7*d + 1. Calculate p(4).
5
Let w(f) = f**2 - f + 27. What is w(0)?
27
Let c(k) = -4*k - 15. Give c(-13).
37
Let d(w) = 9*w - 54. Determine d(8).
18
Let d(m) = -m**2 + 4*m + 2. What is d(3)?
5
Let w(z) = z**2 + 24*z + 128. Calculate w(-13).
-15
Let w(b) = -b**3 - 4*b**2 - 3. Determine w(-4).
-3
Let o(y) = y**2 + 10*y + 7. What is o(-11)?
18
Let g(w) = -2*w - 53. What is g(-31)?
9
Let u(a) = a + 17. Calculate u(-9).
8
Let y(p) = -p + 25. Calculate y(9).
16
Let g(s) = s**3 + 14*s**2 + 14. What is g(-14)?
14
Let w(t) = -15*t - 1. What is w(-2)?
29
Let u(c) = c**2 + 2*c - 4. What is u(2)?
4
Let f(y) = -12*y - 2. What is f(-2)?
22
Let q(l) = -6*l**2 - 2*l + 2. Determine q(2).
-26
Let j(o) = o - 2. Determine j(-10).
-12
Let r(t) = -5*t - 4. Give r(-22).
106
Let d(x) = -2*x - 35. Give d(-16).
-3
Let w(p) = -6*p + 76. Calculate w(8).
28
Let u(s) = -s**3 + 3*s**2 - 29*s + 135. Calculate u(4).
3
Let p(r) = r**2 + 9*r - 3. What is p(-8)?
-11
Let t(o) = -o**3 + 22*o**2 + 52*o - 97. Calculate t(24).
-1
Let r(z) = -z**2 - 2*z + 20. What is r(-6)?
-4
Let w(g) = 3*g**2 - 3*g - 2. Determine w(-5).
88
Let m(j) = j**3 + 6*j**2 - 7*j + 6. Determine m(-7).
6
Let q(t) = -t**3 + 12*t**2 - 11*t + 5. Calculate q(11).
5
Let p(d) = -d**3 - 2*d**2 + d. Calculate p(-3).
6
Let r(q) = -2*q**3 - 35*q**2 - 48*q + 11. What is r(-16)?
11
Let b(y) = -17*y - 8. What is b(-2)?
26
Let p(t) = 2*t - 16. Give p(8).
0
Let k(g) = g**2 - 2*g + 9. Calculate k(8).
57
Let k(t) = t**3 - 29*t**2 + 79*t - 39. Give k(26).
-13
Let o(j) = j**3 - 4*j**2 - 3*j + 3. Give o(4).
-9
Let i(r) = -r**3 + 12*r**2 + 12*r - 5. Determine i(13).
-18
Let v(b) = b + 8. Calculate v(4).
12
Let o(p) = -p**3 - 5*p**2 + 8*p + 7. Give o(-6).
-5
Let k(w) = w**2 + 52*w - 103. Determine k(-54).
5
Let l(w) = -6*w - 2. What is l(-1)?
4
Let w(q) = q**2 - 13*q - 34. What is w(-7)?
106
Let c(d) = 2*d**2 + 31*d + 120. Give c(-8).
0
Let p(l) = 4*l - 1. Calculate p(-5).
-21
Let p(h) = -h**2 + 3*h + 99. Calculate p(12).
-9
Let z(o) = -5*o + 34. What is z(8)?
-6
Let r(a) = -2*a - 22. Calculate r(-6).
-10
Let p(f) = -2*f**3 - 15*f**2 - 8*f - 7. What is p(-7)?
0
Let l(p) = -5*p - 83. What is l(-16)?
-3
Let v(s) = 2*s**2 + 7*s + 8. Calculate v(-6).
38
Let f(a) = a**2 + 14*a + 37. Calculate f(-10).
-3
Let w(r) = 8*r - 85. What is w(9)?
-13
Let s(g) = -g**3 - 16*g**2 - g + 11. What is s(-16)?
27
Let g(h) = -11*h**3 - 2*h**2 + 18*h + 19. What is g(-1)?
10
Let g(p) = 19*p - 263. What is g(14)?
3
Let c(p) = -p**2 + 15*p + 54. Determine c(18).
0
Let b(g) = g**2 + 14*g + 12. Calculate b(-14).
12
Let b(q) = -q**2 - 5*q + 14. Determine b(-8).
-10
Let p(r) = -r**3 - 6*r**2 + 7*r. What is p(-7)?
0
Let m(v) = v**3 + 17*v**2 - 17*v + 6. Give m(-18).
-12
Let b(h) = h**3 + 9*h**2 - 10*h + 5. Give b(-10).
5
Let y(k) = -6*k**2 - k + 3. What is y(1)?
-4
Let f(n) = 12*n**2 - n. What is f(-1)?
13
Let l(n) = n**3 - 4*n**2 - 3*n + 10. What is l(4)?
-2
Let v(x) = x**3 - 5*x**2 + 2*x - 2. Give v(2).
-10
Let j(b) = -6*b**3 - 2*b**2 + 2*b - 3. What is j(2)?
-55
Let m(w) = w**2 - 9*w - 20. Determine m(-3).
16
Let a(s) = s**3 + 51*s**2 + 38*s - 602. Determine a(-50).
-2
Let w(o) = 11*o**2 - 6*o + 7. Calculate w(4).
159
Let x(q) = q**3 - 6*q**2 + 7*q - 12. What is x(5)?
-2
Let f(l) = l**3 - 8*l**2 + 2*l - 5. Determine f(8).
11
Let p(u) = -u**3 - 5*u**2. What is p(-5)?
0
Let a(o) = -o**2 + 11*o - 8. Give a(9).
10
Let g(l) = -l**3 + 2*l**2 + l - 3. Calculate g(2).
-1
Let h(y) = -y**2 - 9*y - 4. Determine h(-7).
10
Let s(t) = t**3 + 3*t**2 - 7*t + 7. What is s(-5)?
-8
Let h(p) = -p**3 - 13*p**2 - 10*p + 2. Calculate h(-12).
-22
Let r(d) = -d**2 - 13*d + 10. Calculate r(-12).
22
Let w(g) = -2*g - 6. What is w(-9)?
12
Let c(b) = -3*b**2 - 2*b + 2. Calculate c(1).
-3
Let s(b) = 5*b - 1. Determine s(5).
24
Let x(m) = m**2 - 14*m - 25. Determine x(16).
7
Let o(i) = i**2 + 13*i + 40. Give o(-5).
0
Let c(u) = u**2 - 5*u + 1. Determine c(4).
-3
Let i(d) = d**2 + 36*d - 130. What is i(-39)?
-13
Let p(q) = q**2 + 4*q + 22. Give p(0).
22
Let t(q) = -q**2 + 7*q + 177. Determine t(18).
-21
Let z(n) = n**3 + 9*n**2 - 10*n + 8. What is z(-10)?
8
Let q(n) = -n**2 + 18*n - 63. Give q(9).
18
Let i(b) = -b**3 - 5*b**2 - 8*b + 7. What is i(-3)?
13
Let h(w) = w**3 + 7*w**2 - 3*w. Calculate h(-7).
21
Let g(y) = 3*y - 34. What is g(33)?
65
Let t(a) = a**3 - 2*a**2 - 3*a + 3. Determine t(4).
23
Let o(j) = 3*j**2 - 30*j + 12. Calculate o(9).
-15
Let h(u) = -4*u + 10. Give h(0).
10
Let x(p) = 98*p - 596. Calculate x(6).
-8
Let q(j) = -25*j - 185. Give q(-9).
40
Let v(b) = b**2 + 2*b - 9. Determine v(8).
71
Let n(m) = -32*m**3 + 2*m - 1. Calculate n(1).
-31
Let l(p) = -p**2 + p + 81. Determine l(0).
81
Let c(v) = 2*v**3 - 6*v**2 + 3*v - 12. What is c(3)?
-3
Let d(z) = -z**2 + 15*z + 6. Calculate d(15).
6
Let i(g) = g**3 - 27*g**2 - 56*g - 18. Calculate i(29).
40
Let t(j) = j**2 + 13. Calculate t(0).
13
Let v(m) = 2*m**2 + 18*m - 26. Calculate v(-10).
-6
Let j(h) = h. Give j(5).
5
Let k(a) = -a**2 + 3*a + 3. What is k(6)?
-15
Let q(s) = s**2 - 11*s + 27. Give q(0).
27
Let w(r) = -85*r**3 + 2*r**2 + r - 2. Calculate w(1).
-84
Let d(g) = 22*g - 414. Determine d(19).
4
Let h(o) = o**3 + 8*o**2 + 9*o - 10. What is h(-7)?
-24
Let b(k) = -k**3 - 44*k**2 - 6*k - 277. What is b(-44)?
-13
Let j(g) = -g**3 - 10*g**2 - 14*g + 32. What is j(-8)?
16
Let d(p) = p + 2. Calculate d(8).
10
Let j(i) = -i**3 + 8*i**2 - 3*i + 5. What is j(7)?
33
Let u(y) = -y**3 + 15*y**2 + 19*y - 23. Determine u(16).
25
Let f(r) = -2*r**3 - 9*r**2 - 4*r - 29. Give f(-5).
16
Let p(x) = -x**3 + x**2 + 4*x - 4. Give p(-4).
60
Let w(t) = 3*t - 1. What is w(5)?
14
Let b(q) = q - 29. Determine b(26).
-3
Let n(u) = -u**3 - 19*u**2 - 78*u + 45. Give n(-7).
3
Let b(o) = 5*o + 3. Calculate b(3).
18
Let k(o) = 22*o + 57. Determine k(-3).
-9
Let n(c) = 2*c + 16. What is n(-6)?
4
Let a(b) = -2*b**2 - 6*b + 1. What is a(-4)?
-7
Let x(h) = -209*h - 2. What is x(0)?
-2
Let v(p) = -5*p + 6. Calculate v(3).
-9
Let y(p) = 13*p**3 + p**2 - 2*p + 1. Determine y(1).
13
Let a(l) = l - 26. Calculate a(-9).
-35
Let w(b) = b**2 + 4*b + 5. Determine w(-7).
26
Let p(q) = -2*q**3 + 5*q**2 - 4*q + 5. What is p(2)?
1
Let u(s) = s - 33. Calculate u(-7).
-40
Let p(r) = r**3 + 7*r**2 + 3*r + 7. What is p(-7)?
-14
Let p(f) = 2*f**2 + 7*f - 3. What is p(-6)?
27
Let m(d) = 4*d**2 - 3*d - 3. Give m(-2).
19
Let c(h) = 12*h**2 - 276*h - 2. Give c(23).
-2
Let c(g) = 2*g**3 - 6*g**2 + 4*g + 1. Give c(3).
13
Let n(g) = 23*g - 1. Calculate n(1).
22
Let i(w) = 256*w + 2042. What is i(-8)?
-6
Let o(f) = f**3 - 16*f**2. What is o(16)?
0
Let y(q) = -q**3 - 5*q**2 - 2*q + 2. Determine y(-3).
-10
Let d(r) = -r**3 - 4*r**2 + 4*r - 4. What is d(-4)?
-20
Let c(f) = -10*f + 60. Calculate c(6).
0
Let s(c) = c**3 - 4*c**2 + c - 4. Determine s(4).
0
Let a(g) = 2*g**2 + 12*g. Give a(-5).
-10
Let c(t) = -t**2 - 39*t - 94. What is c(-36)?
14
Let f(n) = 9*n**2 + 12*n - 3. What is f(-2)?
9
Let f(v) = -3*v - 43. Calculate f(-20).
17
Let b(x) = -3*x - 22. Calculate b(-7).
-1
Let u(n) = -n**3 - 10*n + 26. Calculate u(2).
-2
Let i(x) = -x**2 - 12*x - 10. Determine i(-4).
22
Let k(y) = 10*y**2 - y - 5. Give k(-1).
6
Let r(j) = j**2 - 2*j - 9. Give r(-4).
15
Let i(a) = a**2 + 7*a - 8. Determine i(-5).
-18
Let f(c) = -c**3 + 24*c**2 - 19*c - 54. What is f(23)?
38
Let j(y) = 4*y - 1. Give j(-1).
-5
Let r(j) = -12*j + 49. Give r(9).
-59
Let g(k) = -2*k - 37. Determine g(-15).
-7
Let u(n) = n**2 - 4*n - 14. Give u(-2).
-2
Let r(b) = -b**2 + b + 2. Give r(-1).
0
Let u(k) = k**3 - 7*k**2 - 8*k - 7. Calculate u(8).
-7
Let j(y) = -y + 13. What is j(5)?
8
Let u(h) = h**3 - 11*h**2 + 25*h - 10. Calculate u(5).
-35
Let s(a) = a**3 - 9*a**2 - 16*a - 25. Give s(11).
41
Let n(l) = 2*l**2 - 4*l + 3. Determine n(4).
19
Let x(u) = 3*u**